Is 3 a factor of 660099?
True
Does 212 divide 1941284?
True
Does 2 divide 79878?
True
Is 47 a factor of 221854?
False
Does 82 divide 5278665?
False
Does 93 divide 11651319?
True
Does 438 divide 9407406?
False
Does 643 divide 1093743?
True
Is 1014308 a multiple of 244?
True
Is 2 a factor of 82505?
False
Does 2 divide 44570?
True
Is 879 a factor of 3850350?
False
Is 625 a factor of 7495714?
False
Does 7 divide 925190?
True
Does 2 divide 108044?
True
Is 14 a factor of 562688?
True
Does 2 divide 4582?
True
Is 19 a factor of 99753?
False
Is 12 a factor of 246180?
True
Is 569215 a multiple of 14?
False
Is 24 a factor of 298228?
False
Is 27420 a multiple of 20?
True
Is 52 a factor of 11678891?
False
Is 2232202 a multiple of 7?
True
Is 5196599 a multiple of 26?
False
Is 7075988 a multiple of 861?
False
Does 404 divide 275910?
False
Is 126690 a multiple of 10?
True
Is 12 a factor of 307956?
True
Is 33 a factor of 352770?
True
Does 78 divide 1523486?
False
Is 960 a factor of 1232548?
False
Is 173664 a multiple of 81?
True
Is 3036237 a multiple of 362?
False
Is 99800 a multiple of 200?
True
Does 23 divide 106901?
False
Is 190 a factor of 1455517?
False
Is 1128345 a multiple of 83?
False
Does 33 divide 1604267?
False
Does 18 divide 78498?
True
Does 46 divide 150190?
True
Is 4155923 a multiple of 31?
False
Is 214 a factor of 1737235?
False
Does 6 divide 13734?
True
Does 13 divide 688440?
False
Is 5311311 a multiple of 20?
False
Is 38045 a multiple of 100?
False
Is 21 a factor of 768921?
False
Is 85 a factor of 3630605?
True
Does 14 divide 965188?
True
Is 17 a factor of 338289?
False
Is 1024 a factor of 1016832?
True
Is 116 a factor of 1474162?
False
Is 3091159 a multiple of 124?
False
Is 12 a factor of 1228669?
False
Does 21 divide 460614?
True
Is 115725 a multiple of 15?
True
Does 15 divide 2548545?
True
Is 240840 a multiple of 36?
True
Does 85 divide 779028?
False
Is 21 a factor of 165165?
True
Is 25 a factor of 94500?
True
Does 216 divide 8148756?
False
Is 10683 a multiple of 49?
False
Is 829 a factor of 829616?
False
Is 64 a factor of 437441?
False
Does 214 divide 4613626?
True
Does 15 divide 1012257?
False
Does 125 divide 2251811?
False
Is 8 a factor of 2892014?
False
Is 1761030 a multiple of 153?
True
Does 184 divide 709136?
True
Does 140 divide 781760?
True
Does 63 divide 255166?
False
Is 27 a factor of 20981191?
False
Does 196 divide 172512?
False
Does 211 divide 990645?
True
Is 59 a factor of 147087?
True
Is 52 a factor of 15915068?
True
Does 38 divide 126426?
True
Does 3 divide 6699?
True
Is 835012 a multiple of 49?
False
Is 1776849 a multiple of 22?
False
Does 19 divide 40033?
True
Is 45682 a multiple of 13?
True
Is 75 a factor of 14670525?
True
Is 50 a factor of 856150?
True
Does 8 divide 985160?
True
Does 4 divide 4804?
True
Is 428893 a multiple of 4?
False
Is 8 a factor of 406330?
False
Is 148830 a multiple of 3?
True
Does 24 divide 629184?
True
Does 9 divide 4808421?
True
Is 47754 a multiple of 63?
True
Is 15556112 a multiple of 413?
False
Is 12 a factor of 102257?
False
Is 32355 a multiple of 32?
False
Does 986 divide 739500?
True
Is 14061321 a multiple of 101?
True
Is 120637 a multiple of 121?
True
Does 60 divide 4090933?
False
Is 70800 a multiple of 59?
True
Is 7623233 a multiple of 389?
True
Does 27 divide 8991675?
True
Is 249711 a multiple of 141?
True
Is 5 a factor of 1374?
False
Does 43 divide 38227?
True
Is 311 a factor of 699245?
False
Is 43 a factor of 669220?
False
Is 93 a factor of 114238?
False
Is 198 a factor of 1004850?
True
Does 435 divide 252300?
True
Does 39 divide 13260?
True
Does 320 divide 147520?
True
Is 281601 a multiple of 201?
True
Is 155659 a multiple of 3?
False
Does 816 divide 12559872?
True
Is 776192 a multiple of 9?
False
Is 51 a factor of 2818121?
False
Does 32 divide 34304?
True
Is 45 a factor of 345825?
True
Does 28 divide 24496?
False
Is 53697 a multiple of 21?
True
Is 2155 a factor of 8801020?
True
Is 137 a factor of 420099?
False
Is 117 a factor of 80379?
True
Is 18 a factor of 6570?
True
Is 297 a factor of 306801?
True
Is 166 a factor of 3203151?
False
Is 205 a factor of 84870?
True
Does 11 divide 2920730?
False
Is 149150 a multiple of 6?
False
Is 1629559 a multiple of 14?
False
Does 14 divide 101808?
True
Does 103 divide 1372269?
True
Is 980896 a multiple of 1208?
True
Is 1962044 a multiple of 4?
True
Is 619234 a multiple of 22?
True
Is 67 a factor of 284767?
False
Is 285 a factor of 148138?
False
Is 2113496 a multiple of 28?
True
Is 9 a factor of 4394?
False
Does 42 divide 12958050?
True
Is 170230 a multiple of 22?
False
Is 28 a factor of 3461446?
False
Does 577 divide 1433268?
True
Is 2 a factor of 65155?
False
Does 448 divide 612394?
False
Is 996056 a multiple of 152?
True
Is 376 a factor of 1401509?
False
Is 26 a factor of 221181?
False
Is 8 a factor of 289135?
False
Is 265404 a multiple of 68?
True
Is 3 a factor of 10043?
False
Is 619000 a multiple of 619?
True
Is 5501991 a multiple of 17?
False
Is 236576 even?
True
Is 80 a factor of 69214?
False
Is 139014 a multiple of 9?
True
Is 24 a factor of 4194719?
False
Does 249 divide 19632594?
False
Is 934 a factor of 18347496?
True
Does 326 divide 1096338?
True
Does 357 divide 2286228?
True
Is 2011117 a multiple of 12?
False
Is 97345 a multiple of 27?
False
Is 46 a factor of 1559584?
True
Is 19 a factor of 13509?
True
Does 33 divide 53262?
True
Is 265722 a multiple of 201?
True
Is 43 a factor of 15420254?
False
Does 372 divide 1562428?
False
Is 175 a factor of 3193050?
True
Is 276 a factor of 3401148?
True
Is 463996 a multiple of 15?
False
Does 8 divide 264134?
False
Does 597 divide 9167024?
False
Is 946 a factor of 648956?
True
Is 9 a factor of 309771?
True
Is 1254 a factor of 7735229?
False
Is 69591 a multiple of 14?
False
Is 11773333 a multiple of 1743?
False
Is 22 a factor of 7122500?
True
Is 103 a factor of 676813?
True
Does 4 divide 350569?
False
Is 217 a factor of 146692?
True
Is 36 a factor of 6783850?
False
Is 99 a factor of 502630?
False
Is 951874 a multiple of 21?
False
Does 13 divide 1453088?
True
Is 770070 a multiple of 210?
True
Is 6 a factor of 75644?
False
Is 116178 a multiple of 41?
False
Does 946 divide 3986444?
True
Does 70 divide 127820?
True
Is 636011 a multiple of 23?
False
Is 492 a factor of 423612?
True
Is 1088595 a multiple of 85?
True
Is 196261 a multiple of 10?
False
Does 2 divide 382317?
False
Is 180 a factor of 611100?
True
Does 88 divide 203427?
False
Does 72 divide 10557432?
True
Is 13 a factor of 96045?
False
Is 11 a factor of 301557?
False
Is 10 a factor of 18850?
True
Is 49 a factor of 273597?
False
Does 23 divide 150075?
True
Is 389489 a multiple of 44?
False
Is 130 a factor of 4603690?
True
Is 27 a factor of 93587?
False
Is 690463 a multiple of 26?
False
Does 408 divide 1272008?
False
Is 16 a factor of 18551?
False
Is 711921 a multiple of 147?
True
Is 1240281 a multiple of 21?
True
Is 20068076 a multiple of 1246?
True
Is 60 a factor of 272212?
False
Is 21870 a multiple of 162?
True
Is 243490 a multiple of 13?
True
Is 69502 a multiple of 62?
True
Is 7149349 a multiple of 14?
False
Does 128 divide 42154?
False
Is 152945 a multiple of 144?
False
Is 889967 a multiple of 181?
False
Does 84 divide 694176?
True
Is 518 a factor of 7567259?
False
Is 590597 a multiple of 341?
False
Is 11778345 a multiple of 135?
True
Is 1069178 a multiple of 53?
False
Is 16 a factor of 3820288?
True
Does 1368 divide 8739964?
False
Does 1072 divide 3002102?
False
Does 26 divide 1163110?
True
Is 45180 a multiple of 18?
True
Does 59 divide 1157462?
True
Is 7966 a multiple of 2?
True
Is 55 a factor of 137903?
False
Does 53 divide 12014459?
False
Is 1041520 a multiple of 940?
True
Does 709 divide 640796?
False
Is 226944 a multiple of 32?
True
Is 3 a factor of 138991?
False
Is 26 a factor of 198848?
True
Is 1553988 a multiple of 24?
False
Does 9 divide 1598250?
False
Is 32547 a multiple of 25?
False
Is 40 a factor of 261201?
False
Is 18678 a multiple of 66?
True
Is 11257944 a multiple of 408?
True
Is 64 a factor of 9558016?
True
Is 254 a factor of 1039876?
True
Is 12298346 a multiple of 1166?
False
Is 3 a factor of 5428712?
False
Does 17 divide 148019?
True
Is 510 a factor of 14779290?
True
Is 76 a factor of 1758488?
True
Does 8 divide 624096?
True